{"id":3019,"date":"2020-04-28T15:05:50","date_gmt":"2020-04-28T13:05:50","guid":{"rendered":"http:\/\/localhost\/wsb\/feelspa.rs\/?product=slimming-gel"},"modified":"2020-07-25T17:19:34","modified_gmt":"2020-07-25T15:19:34","slug":"slimming-gel","status":"publish","type":"product","link":"https:\/\/feels.rs\/?product=slimming-gel","title":{"rendered":"Slimming Gel"},"content":{"rendered":"","protected":false},"excerpt":{"rendered":"<p>Proizvod je brenda Agrimer. Agrimer je francuskl spa koncept inspirisan benefitima morske vode i resursima iz okeana u tretiranju ljudskog organizma. U razvoju proizvoda koristi se preko 800 razli\u010ditih vrsta aktivnih komponenti dobijenih isklju\u010divo iz mora i priobalskog podru\u010dja Atlanskog okeana. Proizvodi se ekstrakuju iz morske vode i biljaka koje rastu u specijalnom rezervatu prirode u francuskoj pokrajini Bretanja. Zahvaljuju\u0107i bogatstvu mineralima i brojnim mikro elementima Agrimer preparati predstavljaju organske mineralne terapije tela sa brojnim pozitivnim efektima na telo i duh. Agrimer proizvodi su deo koncepta velikog broja luksuznih wellness &#038;SPA centara \u0161irom sveta. \u0160iroka paleta proizvoda na bazi pamuka, \u010daja, citrusa, guarane, algi, mente i jo\u0161 50 drugih biljaka omogu\u0107ava kreiranje luksuznih programa u Wellness &amp; SPA centrima. U portfoliju Agrimer brenda postoji veliki broj pilinga, pakovanja, kupki, voskova za masa\u017eu, kao i proizvoda za krio terapiju.<\/p>\n","protected":false},"featured_media":4390,"comment_status":"open","ping_status":"closed","template":"","meta":{"_mi_skip_tracking":false},"product_cat":[261,263],"product_tag":[],"acf":[],"_links":{"self":[{"href":"https:\/\/feels.rs\/index.php?rest_route=\/wp\/v2\/product\/3019"}],"collection":[{"href":"https:\/\/feels.rs\/index.php?rest_route=\/wp\/v2\/product"}],"about":[{"href":"https:\/\/feels.rs\/index.php?rest_route=\/wp\/v2\/types\/product"}],"replies":[{"embeddable":true,"href":"https:\/\/feels.rs\/index.php?rest_route=%2Fwp%2Fv2%2Fcomments&post=3019"}],"version-history":[{"count":5,"href":"https:\/\/feels.rs\/index.php?rest_route=\/wp\/v2\/product\/3019\/revisions"}],"predecessor-version":[{"id":4513,"href":"https:\/\/feels.rs\/index.php?rest_route=\/wp\/v2\/product\/3019\/revisions\/4513"}],"wp:featuredmedia":[{"embeddable":true,"href":"https:\/\/feels.rs\/index.php?rest_route=\/wp\/v2\/media\/4390"}],"wp:attachment":[{"href":"https:\/\/feels.rs\/index.php?rest_route=%2Fwp%2Fv2%2Fmedia&parent=3019"}],"wp:term":[{"taxonomy":"product_cat","embeddable":true,"href":"https:\/\/feels.rs\/index.php?rest_route=%2Fwp%2Fv2%2Fproduct_cat&post=3019"},{"taxonomy":"product_tag","embeddable":true,"href":"https:\/\/feels.rs\/index.php?rest_route=%2Fwp%2Fv2%2Fproduct_tag&post=3019"}],"curies":[{"name":"wp","href":"https:\/\/api.w.org\/{rel}","templated":true}]}}