{"id":4184,"date":"2020-06-14T20:26:46","date_gmt":"2020-06-14T18:26:46","guid":{"rendered":"http:\/\/localhost\/wsb\/feelspa.rs\/?post_type=product&#038;p=4184"},"modified":"2020-07-25T17:22:35","modified_gmt":"2020-07-25T15:22:35","slug":"grejna-platforma","status":"publish","type":"product","link":"https:\/\/feels.rs\/?product=grejna-platforma","title":{"rendered":"Grejna platforma"},"content":{"rendered":"","protected":false},"excerpt":{"rendered":"<p>Proizvod je brenda Hafner. Hafner brend se zasniva na autenti\u010dnom motu da \u201csamo prirodna energija \u010duva zdrav duh, budi prirodnu lepotu i senzacije svih \u010dula\u201d. Na krilima takve ideje vodilje kreirane su potpuno jedinstvene luksuzne masa\u017ee koje u modernim wellness centrima predstavljaju prvi izbor za klijente koji \u017eele novo nedo\u017eivljeno iskustvo. Hafner ponuda je bazirana na visoko kvalitetnim masa\u017enim sve\u0107ama i potpuno originalnim masa\u017eama koje su inspirisane motivima sa 5 razli\u010ditih krajeva sveta &#8211; Topla i hladna masa\u017ea himalajskim solima (Duh visokih Himalaja), Topla masa\u017ea \u0161tapovima alpskog bora (terapijska masa\u017ea koja vra\u0107a sve\u017einu snagom evropskih Alpa), Topla masa\u017ea detoksi\u010dnim bambusima (energizuju\u0107a masa\u017ea sa energijom Tihog okeana), Topla i hladna masa\u017ea prirodnim filipinskim \u0161koljkama (budi senzibilitet svih \u010dula sa ne\u017eno\u0161\u0107u mora Filipina) i Orijentalna masa\u017ea 24K zlatnim uljem (luksuzna masa\u017ea sa glamurom bliskog istoka).<\/p>\n","protected":false},"featured_media":4373,"comment_status":"open","ping_status":"closed","template":"","meta":{"_mi_skip_tracking":false},"product_cat":[262],"product_tag":[],"acf":[],"_links":{"self":[{"href":"https:\/\/feels.rs\/index.php?rest_route=\/wp\/v2\/product\/4184"}],"collection":[{"href":"https:\/\/feels.rs\/index.php?rest_route=\/wp\/v2\/product"}],"about":[{"href":"https:\/\/feels.rs\/index.php?rest_route=\/wp\/v2\/types\/product"}],"replies":[{"embeddable":true,"href":"https:\/\/feels.rs\/index.php?rest_route=%2Fwp%2Fv2%2Fcomments&post=4184"}],"version-history":[{"count":3,"href":"https:\/\/feels.rs\/index.php?rest_route=\/wp\/v2\/product\/4184\/revisions"}],"predecessor-version":[{"id":4548,"href":"https:\/\/feels.rs\/index.php?rest_route=\/wp\/v2\/product\/4184\/revisions\/4548"}],"wp:featuredmedia":[{"embeddable":true,"href":"https:\/\/feels.rs\/index.php?rest_route=\/wp\/v2\/media\/4373"}],"wp:attachment":[{"href":"https:\/\/feels.rs\/index.php?rest_route=%2Fwp%2Fv2%2Fmedia&parent=4184"}],"wp:term":[{"taxonomy":"product_cat","embeddable":true,"href":"https:\/\/feels.rs\/index.php?rest_route=%2Fwp%2Fv2%2Fproduct_cat&post=4184"},{"taxonomy":"product_tag","embeddable":true,"href":"https:\/\/feels.rs\/index.php?rest_route=%2Fwp%2Fv2%2Fproduct_tag&post=4184"}],"curies":[{"name":"wp","href":"https:\/\/api.w.org\/{rel}","templated":true}]}}